*3 + 7*m**2 + 3*m + 3. Calculate the remainder when h(7) is divided by 5.
4
Suppose -37 = -3*b - 2*p, -2*b = -b + p - 13. Let g(m) = m**2 - 4. Suppose -19 = -4*q + 1. What is the remainder when g(q) is divided by b?
10
Suppose -2*i + 6 + 8 = 0. Let k = i - 4. Calculate the remainder when k is divided by 2.
1
Suppose 4*u - 42 = -0*u + 3*w, -5*u - w + 62 = 0. Let p(z) = -3*z - 2. What is the remainder when u is divided by p(-3)?
5
Let r(n) = 3*n + 4. Calculate the remainder when 29 is divided by r(2).
9
Let o be (10/(-40))/((-1)/28). Suppose 3*g - 3*f + 6 = -6*f, -4*g - f + o = 0. What is the remainder when 4 is divided by g?
1
Suppose -2*j + 1 = 2*b - 3, -b + 5 = 2*j. Let d(i) = -5*i**2 + 2*i + 1. Let z be d(b). Let m(p) = -p - 3. Calculate the remainder when 7 is divided by m(z).
1
Suppose -2 = q - 19. What is the remainder when 33 is divided by q?
16
Let p(d) be the third derivative of d**5/30 + d**4/6 + 2*d**2. What is the remainder when p(-3) is divided by (8/(-10))/((-4)/20)?
2
Let c be (-512)/(-2) - (-2 - 2). Suppose 5*t = 2*v + c, 0 = -v - v + 10. Calculate the remainder when t is divided by 19.
16
Let j be (-3*(-7)/3)/(-1). Let z = j - -21. What is the remainder when 68 is divided by z?
12
Let f = 177 - 104. Calculate the remainder when f is divided by 15.
13
What is the remainder when ((-30)/(-21))/((-6)/(-42)) is divided by 7?
3
Let r be (2/4)/((-4)/(-24)). Let z = 6 - r. Calculate the remainder when 26 is divided by (-1)/(z/7)*-6.
12
Suppose 0*p + 3*u + 48 = 5*p, -u = -5*p + 46. What is the remainder when p is divided by 3/(6/4) + 1?
0
Let i = 71 - 40. What is the remainder when i is divided by (4*-1)/(1*5/(-10))?
7
Suppose 5*g - 139 = 151. Suppose 63 + 17 = 4*i. What is the remainder when g is divided by i?
18
What is the remainder when 50 is divided by (4/(-6))/((-3)/117)?
24
Calculate the remainder when 6 is divided by 4*9/6 - 3.
0
Let f be -2*(-4)/16*10. Let g = -34 - -47. What is the remainder when ((-1)/4)/(f/(-740)) is divided by g?
11
Let z(r) = 10*r + 2. Let h be z(-2). Let a = 66 + h. Suppose -5*b + 2*b = -a. What is the remainder when b is divided by 9?
7
What is the remainder when 50 is divided by ((-3)/6*-34)/1?
16
Suppose 4*n = i + 77, 3*n - 5*n + 11 = 5*i. What is the remainder when n is divided by 10?
8
Let w(a) = 30*a**2 + 1. Let p be w(-1). Suppose -3*g + 105 = -5*x + p, 5*g = 5*x + 120. What is the remainder when g is divided by 12?
11
Let d = -36 + 85. Calculate the remainder when d is divided by 26.
23
Let j(u) = u**2 + 5*u + 2. Suppose -3*v = 22 - 1. Calculate the remainder when 46 is divided by j(v).
14
Let q(g) = g**2 + 2*g + 9. What is the remainder when q(-12) is divided by 44?
41
Suppose -6*u = -3*u - 45. Let x = 6 + u. Suppose i - 38 - 24 = 0. What is the remainder when i is divided by x?
20
Let c(t) = 3*t + 9. Let b(x) = 2*x + 5. Let w(m) = -5*b(m) + 2*c(m). Calculate the remainder when 49 is divided by w(-5).
10
Suppose y - 4*d - 18 = 0, y = -3*y + 4*d + 36. Suppose -4*a = 33 - 97. What is the remainder when a is divided by y?
4
Calculate the remainder when 446/4*9/((-54)/(-12)) is divided by 15.
13
Let s be -1*(0 - -1) + 11. What is the remainder when 112/s - (-3)/(-15) is divided by 6?
5
Let h = 0 - 2. Let f be -3 + (-7)/(2/h). What is the remainder when 4 is divided by 8/3 - f/(-12)?
1
Suppose -5 - 10 = -5*y. Suppose 2*n - 4*r + 10 = 0, -6*r + 6 = -3*n - y*r. What is the remainder when n is divided by 1?
0
Let r be (-9 - -8)/((-2)/4). Suppose d - 8 = -4*m, -14 = -r*d - 5*m + 2. What is the remainder when 22 is divided by d?
6
Let r(y) = y**3 - 13*y**2 + 14*y - 17. Let a be r(12). What is the remainder when 69 is divided by (-16)/(-56) + 124/a?
15
Let c = -5 - -10. Suppose -4*k + k + 55 = 4*v, 0 = c*v - k - 83. Calculate the remainder when 59 is divided by v.
11
Let c = -8 - 0. Let j be 12/c*4/6. What is the remainder when 47 is divided by ((16 + 0)/j)/(-1)?
15
Let f = 6 + -9. Let n = -3 - f. Suppose -5*i + 2*g + g + 102 = 0, n = -2*i - 4*g + 20. Calculate the remainder when 35 is divided by i.
17
Let u(c) = c**3 - 10*c**2 - 9*c - 10. Suppose -27 = 4*j - 75. Suppose 5*m - f = 39, 2*m + 2 - j = -f. Calculate the remainder when u(11) is divided by m.
5
Suppose 4*a - 4*b - 20 = 0, -2*a - 3 = 2*b - 1. Suppose -6 = a*i, 5*g + 10*i = 5*i + 50. Calculate the remainder when 51 is divided by g.
12
Suppose 3*z = -4*m - 10, 0 = -2*z + m - 2 + 10. Calculate the remainder when 2 is divided by z.
0
Let h(b) = -2*b**2 + 2*b - 2. Suppose 12 = -2*i + 3*s - 7*s, 4*i - 2*s - 16 = 0. Let t be h(i). Let q = t + 10. Calculate the remainder when q is divided by 2.
0
Let r(b) = -b**3 + 4*b**2 - 4*b + 2. What is the remainder when r(2) is divided by 1?
0
Suppose -5*w + 8 - 3 = 0. Let y(o) = 12*o**2 + o. Let b be y(w). Calculate the remainder when 8 is divided by b/5 + 4/10.
2
Let s = 17 - 12. Suppose 4*k = 4*q - 116, 0 = -q + s*q - 3*k - 115. Calculate the remainder when 83 is divided by q.
27
Let b = -58 - -68. What is the remainder when 1/2 - (-53)/2 is divided by b?
7
Let z = 60 + -35. What is the remainder when z is divided by 7?
4
Suppose 0 = 4*t - t - 39. Calculate the remainder when t is divided by 7.
6
Let d = -9 - -8. Calculate the remainder when 8 is divided by 2 - d - (-14)/7.
3
Suppose 0*v = 2*d - 2*v - 82, -2*v = -3*d + 120. Calculate the remainder when d is divided by 20.
18
Let c(p) = -3*p + 1. Let x be c(2). Let j(h) = h**3 + 5*h**2 - 3*h - 5. What is the remainder when j(x) is divided by 6?
4
Let y(f) = 7*f - 33. What is the remainder when 87 is divided by y(9)?
27
Let w(b) be the first derivative of -b**4/4 + 16*b**3/3 + b**2 - 22*b - 7. Calculate the remainder when 27 is divided by w(16).
7
Suppose -3 = -w - 1. Let l be (-224)/(-40) + 3/(-5). Suppose -l*d = -w - 3. Calculate the remainder when 1 is divided by d.
0
Let h = 229 + -62. Calculate the remainder when h is divided by 34.
31
Let l(q) = 4*q - q + q + 1. What is the remainder when l(5) is divided by (22/3)/((-6)/(-9))?
10
Calculate the remainder when 5 is divided by (-6)/5*(-20)/6.
1
Let g(v) = -v**3 - 4*v**2 - 2*v + 3. Let f be g(-3). Let s = 1 + 3. Suppose f = 2*o - 4, m + s*m = 5*o + 20. What is the remainder when 16 is divided by m?
4
Let z = 2 - -1. Suppose 2*x = -r + z*x + 20, 5*r - 2*x - 106 = 0. What is the remainder when r is divided by 1/(-3) - (-50)/6?
6
Let f be -1*2*(-9)/6. Suppose f*t - 200 = -2*t. Calculate the remainder when t is divided by (-1)/(-3) - 62/(-3).
19
Let b be (5 - 1)/((-2)/(-16)). Let t be ((-93)/2)/(5/(-10)). Let o = t - b. What is the remainder when o is divided by 21?
19
Suppose 84 = -4*n - w, 2*w - 5*w = -n - 21. Let q = n + 51. Calculate the remainder when 59 is divided by q.
29
Let p be 66/(-18) + (-2)/6. Calculate the remainder when 22 is divided by p/(-6) + 88/12.
6
Suppose -2*n - 2 = 4*r - 72, -4*n - 55 = -5*r. Let k be ((-18)/8)/(3/(-40)). Let t = k + 13. What is the remainder when t is divided by r?
13
Suppose 3*f - 93 = -3*h, f + 0*h = h + 33. Calculate the remainder when f is divided by 7.
4
What is the remainder when (-90 - -1)*(-15 + 14) is divided by 13?
11
Suppose 1104 = 35*a - 12*a. What is the remainder when 94 is divided by a?
46
Let a(v) be the first derivative of v**3/3 - 2*v - 3. What is the remainder when 4*(1 + -1 - -1) is divided by a(-2)?
0
Suppose 4*n + 3*s = 50, -2*n + 2*s = -0*n - 18. Let k(f) = f + 38. Let m be k(0). Suppose -3*u - m = -98. What is the remainder when u is divided by n?
9
Suppose 2*r - 2*u = 10, 3*u - 8 = -4*r + 12. What is the remainder when 3*(1 - 0) - -5 is divided by r?
3
Suppose 2*j + l - 3 - 9 = 0, 0 = -l - 4. Calculate the remainder when 28 is divided by j.
4
Let q be (-48)/40*(-6 - -1). Suppose -q*h + 2*h = -216. Calculate the remainder when h is divided by 14.
12
Let z be (4/(-5))/((-2)/10). Let v(f) = f**2 - 4*f + 6. Suppose -3*y + 36 = -0*y - 3*r, 4*r = -5*y + 51. Calculate the remainder when y is divided by v(z).
5
Suppose -d = d. Let a = 17 + d. Calculate the remainder when 48 is divided by a.
14
Suppose 0*v = -v + 18. Suppose y + 0 = v. Calculate the remainder when 53 is divided by y.
17
Suppose 0 = 5*z - 2*j - 176, 6*z - j = z + 173. Suppose 0 = 5*r - z - 51. What is the remainder when 33 is divided by r?
16
Calculate the remainder when 91 is divided by (-